 a composite number?
True
Is 311717 prime?
False
Is 7477 a prime number?
True
Is 72613 prime?
True
Is 24329 composite?
False
Is 12439 a composite number?
True
Is 4258 prime?
False
Is 212701 prime?
True
Is 662 a prime number?
False
Is 23597 composite?
True
Is 77417 a composite number?
False
Is 847477 a prime number?
True
Is 4737 a prime number?
False
Is 1169 a prime number?
False
Is 5251 composite?
True
Is 159073 prime?
True
Is 36291 a composite number?
True
Is 52493 composite?
True
Is 539969 a prime number?
False
Is 55763 a prime number?
True
Is 20849 a prime number?
True
Is 145531 a prime number?
True
Is 12853 prime?
True
Is 49697 a composite number?
False
Is 219371 a composite number?
False
Is 389627 composite?
True
Is 468659 prime?
False
Is 242239 a composite number?
True
Is 553 prime?
False
Is 24469 a prime number?
True
Is 97511 a prime number?
True
Is 887 composite?
False
Is 94621 composite?
False
Is 9767 composite?
False
Is 30757 prime?
True
Is 144037 composite?
False
Is 1741435 composite?
True
Is 578129 a prime number?
False
Is 9767 a composite number?
False
Is 36821 a composite number?
False
Is 18397 prime?
True
Is 130145 a prime number?
False
Is 34597 composite?
True
Is 100865 composite?
True
Is 21701 a prime number?
True
Is 343019 a composite number?
False
Is 25339 composite?
False
Is 34913 a composite number?
False
Is 55261 composite?
True
Is 953969 composite?
False
Is 674471 composite?
True
Is 1035509 prime?
False
Is 109267 composite?
False
Is 4766995 a prime number?
False
Is 117563 composite?
False
Is 164881 a prime number?
True
Is 3641 prime?
False
Is 85589 a composite number?
True
Is 273881 composite?
False
Is 21635 a prime number?
False
Is 992051 a prime number?
True
Is 3730093 a composite number?
False
Is 67679 prime?
True
Is 2273713 prime?
False
Is 11549 a composite number?
False
Is 3340349 composite?
False
Is 3684929 a prime number?
True
Is 4861 prime?
True
Is 173249 composite?
False
Is 4327 a prime number?
True
Is 135367 composite?
False
Is 100819 composite?
True
Is 1454191 composite?
False
Is 602801 a composite number?
False
Is 1142129 prime?
True
Is 150299 composite?
False
Is 27271 a prime number?
True
Is 1519189 a composite number?
True
Is 1367 a composite number?
False
Is 8069 prime?
True
Is 228469 composite?
False
Is 503543 composite?
False
Is 3205 prime?
False
Is 1465778 prime?
False
Is 145322 a prime number?
False
Is 1057737 a prime number?
False
Is 1168301 a prime number?
True
Is 129637 a prime number?
False
Is 11983 a prime number?
False
Is 187337 composite?
False
Is 26086 a prime number?
False
Is 9647 a composite number?
True
Is 16537 a composite number?
True
Is 230047 composite?
False
Is 366649 a composite number?
True
Is 53362 a composite number?
True
Is 20161 prime?
True
Is 602969 a prime number?
False
Is 10687 prime?
True
Is 52867 composite?
True
Is 194933 a composite number?
False
Is 7639 composite?
False
Is 260629 a composite number?
False
Is 86369 composite?
False
Is 156341 a prime number?
False
Is 38593 a composite number?
False
Is 122347 a prime number?
True
Is 232741 a prime number?
True
Is 71726 a prime number?
False
Is 96639 a prime number?
False
Is 31591 composite?
True
Is 10559 prime?
True
Is 93037 a composite number?
True
Is 24133 a composite number?
False
Is 381 a composite number?
True
Is 14243 prime?
True
Is 8999 a prime number?
True
Is 64373 prime?
True
Is 506211 a prime number?
False
Is 17519 a composite number?
False
Is 5879 composite?
False
Is 35233 prime?
False
Is 36559 composite?
False
Is 363886 a prime number?
False
Is 11279 a composite number?
False
Is 114547 prime?
True
Is 13001 a composite number?
False
Is 34991 composite?
True
Is 687457 a prime number?
True
Is 1913 a prime number?
True
Is 23237 a composite number?
True
Is 26371 a composite number?
False
Is 17893 composite?
True
Is 250703 prime?
True
Is 537307 a prime number?
True
Is 71543 composite?
True
Is 26349 a composite number?
True
Is 8501 a composite number?
False
Is 7817 prime?
True
Is 175115 prime?
False
Is 1694237 prime?
False
Is 131413 prime?
True
Is 1466251 a composite number?
False
Is 1931 prime?
True
Is 294751 composite?
False
Is 15133 a composite number?
True
Is 29063 prime?
True
Is 1995941 a prime number?
False
Is 5579 composite?
True
Is 1567 composite?
False
Is 4728733 a prime number?
True
Is 216499 a prime number?
False
Is 476335 a prime number?
False
Is 837359 composite?
False
Is 788849 a composite number?
False
Is 564899 a prime number?
True
Is 12787 a prime number?
False
Is 7411 composite?
False
Is 7217 composite?
True
Is 46009 a composite number?
True
Is 39817 a composite number?
True
Is 9677 composite?
False
Is 874369 composite?
True
Is 419 a prime number?
True
Is 478 a composite number?
True
Is 1207489 composite?
False
Is 14369 a prime number?
True
Is 4303 a composite number?
True
Is 182261 composite?
False
Is 403817 a composite number?
False
Is 2107103 a composite number?
False
Is 32819 composite?
True
Is 322313 a prime number?
False
Is 837257 a composite number?
False
Is 26237 composite?
False
Is 15107 a prime number?
True
Is 97813 a composite number?
False
Is 77431 a composite number?
False
Is 58309 a prime number?
True
Is 9451 a composite number?
True
Is 2193547 a composite number?
False
Is 191371 a prime number?
False
Is 11957 a prime number?
False
Is 13963 composite?
False
Is 24997 composite?
True
Is 1105943 a composite number?
False
Is 65761 a prime number?
True
Is 16255 prime?
False
Is 360011 composite?
True
Is 631 a composite number?
False
Is 28019 composite?
False
Is 6449 composite?
False
Is 2513 prime?
False
Is 8309 composite?
True
Is 949749 composite?
True
Is 89173 prime?
False
Is 17601 prime?
False
Is 145991 a composite number?
False
Is 152717 a composite number?
False
Is 713035 a prime number?
False
Is 24929 a prime number?
False
Is 83621 a prime number?
True
Is 3493 a composite number?
True
Is 185653 composite?
True
Is 345307 a composite number?
False
Is 310487 prime?
False
Is 17663 a composite number?
True
Is 167503 a prime number?
False
Is 1766777 composite?
True
Is 22669 prime?
True
Is 3163 prime?
True
Is 2843 composite?
False
Is 7241 a prime number?
False
Is 828239 composite?
False
Is 3967 a composite number?
False
Is 831323 prime?
True
Is 8999 a prime number?
True
Is 14503 composite?
False
Is 434883 a composite number?
True
Is 2267 a prime number?
True
Is 57751 a prime number?
True
Is 11209 composite?
True
Is 225919 a composite number?
False
Is 120619 a prime number?
True
Is 37279 a prime number?
False
Is 5039 a composite number?
False
Is 10949 composite?
False
Is 22049 a composite number?
True
Is 967289 composite?
False
Is 66841 a composite number?
False
Is 247147 a composite number?
True
Is 205939 composite?
True
Is 246947 composite?
False
Is 180493 a prime number?
False
Is 7607 a prime number?
True
Is 9005 a prime number?
False
Is 27631 composite?
False
Is 6761 a composite number?
False
Is 20471 prime?
False
Is 18287 composite?
False
Is 5623 composite?
False
Is 25827 composite?
True
Is 50327 a composite number?
True
Is 40373 a prime number?
False
Is 7057 prime?
True
Is 2939 composite?
False
Is 39749 a prime number?
True
Is 178 a composite number?
True
Is 1112777 a composite number?
False
Is 2432623 a prime number?
False
Is 2161 composite?
False
Is 289837 a composite number?
False
Is 5729 composite?
True
Is 33541 a composite number?
True
Is 3513 prime?
False
Is 192334 composite?
True
Is 1685 a composite number?
True
Is 10207 a prime number?
False
Is 72379 a composite number?
False
Is 1261 prime?
False
Is 183851 a prime number?
False
Is 423597 a prime number?
False
Is 60251 composite?
False
Is 63221 a composite number?
True
Is 4909 prime?
True
Is 574261 a prime number?
True
Is 1759 composite?
False
Is 4049 a prime number?
True
Is 7849 a prime number?
False
Is 17401 a prime number?
True
Is 16373 prime?
False
Is 2521201 a composite number?
True
Is 827102 a composite number?
True
Is 11579 prime?
True
Is 714851 a composite number?
False
Is 892049 composite?
False
Is 16557 prime?
False
Is 22141 composite?
True
Is 25663 a prime number?
False
Is 91271 a prime number?
False
Is 117421 prime?
False
Is 41345 prime?
False
Is 1823 prime?
True
Is 1085611 composite?
False
Is 78361 a prime number?
Fals